 + 15*x**2 + 5*x**3 + 18*x. What is w(-14)?
-73
Let d(n) = n**3 - 32*n**2 + 112*n - 18. Let l be d(28). Let i(j) = 5*j + j + 22 + 4*j - 9*j. Give i(l).
4
Let s(l) = -l**3 + 24*l**2 + 384*l - 17. Let r be s(-11). Let b(m) = 2*m**2 + 8*m + 9. Determine b(r).
33
Suppose 0 = -5*u + 25, -2*u - 741 = -5*m + 454. Let v = m - 244. Let n(k) = -k**3 - 2*k**2 - k. What is n(v)?
12
Let r = -68 - -72. Let v(b) = -b - 3. Let j(m) = -m - 13. Let l(k) = -1. Let s(n) = j(n) - 6*l(n). Let p(g) = -3*s(g) + 5*v(g). Determine p(r).
-2
Let o(v) be the third derivative of -v**4/8 - 2*v**3/3 + 11*v**2 + 36. What is o(4)?
-16
Suppose 3*f - 20*p + 14 = -15*p, 10 = -3*f + 4*p. Let q(i) = 13 - 11 + 9*i + 7 + i**f. Give q(-7).
-5
Let v be (-2)/3*(-3)/(-2). Let h(u) = -u**3 - 4*u**2 - 4*u + 3. Let i be h(-2). Let p(s) = 2 - 12*s**3 - 18*s**3 + 45*s**3 - i. Calculate p(v).
-16
Let z(f) = f**2 + 5*f - 2. Let y(h) = h**2 - 14*h - 38. Let d(w) = -3*w + 97. Let j be d(27). Let l be y(j). Give z(l).
4
Let a(j) = -j. Let y be -5 + (0 - -13) + 4. Suppose 0 = -3*x + 5*x + y. Calculate a(x).
6
Let h(p) = 2*p - 5*p + 7*p - 6*p + 14 + 4*p. Let q(b) = -6*b + 258. Let l be q(44). Give h(l).
2
Let y(m) = -m**3 - 4*m**2 + 4*m. Let u be y(-5). Let s(z) = 11*z**2 - u*z + 4 - 2*z - 5*z**2 - 7*z**2. Suppose 41 = -3*x + 23. What is s(x)?
10
Let h be 90/3105 - (-1037)/(-69). Let m(w) = 4*w - 22. Determine m(h).
-82
Let z(j) = -j**2 + 7*j - 8. Let t = 4080 + -4079. Give z(t).
-2
Let r = -23100 - -23096. Let g(a) be the second derivative of a**4/12 + 7*a**3/6 + 4*a**2 + a. What is g(r)?
-4
Let o(c) = -c**2 + c - 1. Let v(j) = 11*j + 30. Let s(x) = -o(x) - v(x). Let u be 608/48 - (-12)/9. Let r be s(u). Let q(z) = 7*z**2 - z - 1. Determine q(r).
7
Let g(c) = -28*c - 78*c - 5*c**2 + 8 - 42*c + 197*c. Calculate g(10).
-2
Let q(h) = -2*h**2 + 2*h + 1. Let v(p) = 2*p**2 - 4*p - 2. Let c(n) = -3*q(n) - 2*v(n). Suppose 10*r - 47 = 3. Suppose 16 = -11*z + r. What is c(z)?
1
Let d(n) = -n**3 + 2*n + 2. Let w be 0/(-3 - (7 - 8)). Determine d(w).
2
Let q(k) = k**2 + 5*k + 3. Suppose 8*y = 13*y - 200. Suppose -a + y = 4*a. Suppose 0 = -a*g + 3*g - 25. Give q(g).
3
Let t(w) = -171*w - 1703. Let v(b) = -57*b - 591. Let i(s) = 6*t(s) - 17*v(s). Give i(-3).
0
Let v(t) = 612820*t**2 + 9*t + 32*t - 612821*t**2 - 213 + 8*t. Determine v(5).
7
Let h(z) = 3 - 513*z - 495*z + 1482*z - 2*z**2 + 15 - 513*z. Give h(-19).
37
Let r be 10*((-27)/6 + 4). Let s be r*(-3 + 3 + 1). Let u(v) = 2*v**2 - 6*v + 12. Let h(c) = 5*c**2 - 18*c + 33. Let y(q) = -3*h(q) + 8*u(q). Calculate y(s).
-8
Let j(h) = 2*h**2 - h - 1. Let k be (-89)/13 + (-22)/143. Let a be k*(-3)/42*4. What is j(a)?
5
Let i be 104/(-364)*((-1 - -1) + -7). Let p(q) be the second derivative of -q**3/3 + q**2 + 19*q. What is p(i)?
-2
Suppose -4*n - 7 = -3. Let q be 1/(-1) + n - 2. Let g(h) = -5 + 8 - 6*h + 56*h - 51*h. Give g(q).
7
Suppose 18 = k + 19. Let i(x) = -9*x**2 + 4*x**2 + 10*x**2. Give i(k).
5
Let r(h) = 43*h**2 + 72*h - 8. Let x(t) = -7*t**2 - 12*t. Let i(s) = r(s) + 6*x(s). Give i(-3).
1
Let r = 31 - 29. Suppose j = 3, r*o + 3*j - 5 = 10. Let l(q) = -q - 1. Calculate l(o).
-4
Let x(u) be the first derivative of 4*u + 3*u**2 + 68 - 6*u**2 + 0*u**2 - 46 + 200. Calculate x(3).
-14
Let x(c) = -1 - 7*c**2 + 15*c**2 + 4*c - 5*c**2 - 5*c**2. Calculate x(6).
-49
Let a(r) = 89*r + 4. Let o(m) = 15*m - 1. Let w(g) = -a(g) + 6*o(g). Calculate w(-9).
-19
Suppose -l = -2*y - 1, -286*l - 4 = -284*l - 2*y. Let k(q) = -9*q - 37. Give k(l).
8
Let y(k) = -2*k**2 + 6*k + 2. Let d(g) = 207*g - 4758. Let n be d(23). Calculate y(n).
2
Suppose 0 = -5*w - 2*g + 27 + 12, 5*g + 11 = 3*w. Let s(d) = -33627*d**3 + 33626*d**3 - 5 - 2*d + 0 - w*d**2. Calculate s(-7).
9
Let n(k) be the first derivative of k**4/4 - 3*k**3 - 9*k**2/2 - 6*k - 1. Suppose l - 2*h = 0, 0 = -7*l + 3*l + h + 136 - 101. Calculate n(l).
4
Let l(h) be the third derivative of -17*h**4/24 + 55*h**3/6 + 1177*h**2 - 2*h. Give l(3).
4
Let f(o) = 1195075*o**2 - 2*o + 4*o + o + 1 - 1195076*o**2. Calculate f(5).
-9
Let a(c) = -2*c**2 - 14*c + 3*c + 3*c**2 + 8. Let p = -645 + 650. Suppose m - 4*j + 60 = 5*m, 25 = p*m - 5*j. Determine a(m).
-2
Let h(o) be the first derivative of o**2 + 2*o - 4932. Determine h(11).
24
Let u(a) = -3*a + 26. Suppose -v + 15 = -4*d + 5*d, 2*d + 47 = 5*v. Determine u(v).
-7
Let y(f) = 127*f**3 - 13*f**2 + 43*f + 100. Let c(h) = -21*h**3 + 2*h**2 - 7*h - 16. Let z(t) = 19*c(t) + 3*y(t). What is z(-1)?
17
Let v(u) be the third derivative of u**8/6720 - u**7/630 - u**6/240 + 55*u**4/24 - u**2 - 15*u. Let l(n) be the second derivative of v(n). What is l(4)?
-12
Let o(a) = -7*a**3 - 5*a**2 - 13*a - 10. Let s(g) = -24*g**3 - 18*g**2 - 45*g - 35. Let t(z) = 17*o(z) - 5*s(z). Determine t(-3).
11
Let y(k) = 66*k + 389. Let t = 4353 + -4359. What is y(t)?
-7
Let k(m) = 3*m - 5. Let b(r) = -2*r + 1. Let q(t) = 6*b(t) + 2*k(t). Suppose 2*y = 5*x - 35, -3*y - 8 - 7 = 0. Calculate q(x).
-34
Let p(x) = -6*x**2 - 2*x. Suppose 0 = 3*r - 5*f + 250, 0*r + 5*f + 200 = -2*r. Let b = 93 + r. Suppose b*n = n - 4. Determine p(n).
-20
Let f(y) = 48*y - 2. Let d be f(1). Let p = d + -42. Let w(i) = -i**3 + 6*i**2 - 7*i - 4. Let x be w(p). Let t(n) = n**2 + n + 2. Determine t(x).
2
Let m be (-14)/(-5) + 1/5. Let i(q) = -42*q**2 + 2*q - 5. Let z(y) = 17*y**2 - y + 2. Let b(k) = 2*i(k) + 5*z(k). Calculate b(m).
6
Let v(d) be the first derivative of -2*d**3/3 + 21*d**2 - 34*d - 298. What is v(20)?
6
Let p(g) = g**3 + 2*g**2 - 3*g - 4. Let l be 18 - 17 - 0 - (3 - -1). Determine p(l).
-4
Suppose 0 = -164*w + 160*w + 5*s + 54, -5*w + 5*s + 70 = 0. Let z(x) = -2*x**3 + 33*x**2 - 15*x - 13. Determine z(w).
3
Let i(t) = 21669*t - 139 - 21662*t - 40. What is i(26)?
3
Let i = -39 + 45. Let t = i - 4. Let z(h) be the first derivative of -h**4/4 - 13. What is z(t)?
-8
Let t(a) be the first derivative of 16 - 1/3*a**3 + 3*a**2 + a. Suppose 2*y = -5*q + 21 + 6, -q + 9 = y. Give t(y).
1
Let m(c) be the first derivative of -c**4/2 - c**2/2 - 2*c + 23. Suppose -j - 2 = -2*j - 2*w, 4 = 2*j + 2*w. Suppose -2*t = -1 - 7, 3*h + t = -j. Give m(h).
16
Let q(z) = z**3 + z**2 + 3*z - 9. Let y(s) = -189*s + 13232. Let j be y(70). Calculate q(j).
9
Suppose 3*h = 6 + 3. Let o = -430 - -435. Let f(u) = -u**3 + 47*u - 2*u**3 + o*u**2 + 2*u**3 + 1 - 45*u. Give f(h).
25
Let j(m) be the second derivative of 1/12*m**4 + 5/6*m**3 - 14 - 5/2*m**2 + 2*m. Give j(-6).
1
Suppose -10*m + 58 + 112 = 0. Suppose 0 = m*y + 92 + 10. Let a(r) = r**2 + 8*r + 5. Determine a(y).
-7
Let u(r) = 4*r + 12. Let b(z) = -z**2 + 92*z + 178. Let j be b(94). Give u(j).
-28
Let i(v) = -10*v**2 + 3*v - 3. Let d(f) = 24*f - 1102. Let b be d(46). Calculate i(b).
-37
Let r(t) be the second derivative of -9/2*t**2 + 0 + 23*t + 1/12*t**4 - 5/6*t**3. Let w(m) = 2*m**2 + 11*m + 12. Let p be w(-5). Give r(p).
5
Let j = 2645 - 2646. Let k(p) = 75*p**3 - p - 1. Determine k(j).
-75
Let w(y) = y**3 + 54*y**2 - 118*y - 338. Let h be w(-56). Let t(o) = -o - 7. What is t(h)?
-5
Let m(x) be the first derivative of -3/2*x**2 - 1/3*x**3 - 34 - x. Let b(f) = f + 6. Let p be b(-8). Determine m(p).
1
Let h(n) = -n**2 - 6*n + 22*n + 3 - 4. Let r(f) = -f**2 + 15*f - 2. Let i(o) = -5*h(o) + 6*r(o). Let t = -9 - -15. Determine i(t).
17
Suppose -3*l - 36 = -27, 5*h + 3*l + 854 = 0. Let u = 162 + h. Let d(w) = w**2 + 6*w - 8. Give d(u).
-1
Let v(o) = 2*o - 7. Let r(s) = -s + 4. Let g(l) = -5*r(l) - 3*v(l). Let t = -212 - -152. Let m be 1/(5/t*2). What is g(m)?
7
Suppose -101 + 125 = -6*j. Let a(y) = 4*y + 5. Give a(j).
-11
Let p(d) = -d**2 + 3*d + 377. Let n = 12177 + -12156. What is p(n)?
-1
Let r(v) = v**3 + 17*v**2 + 18*v + 24. Let a(x) = x**2 + 23*x - 66. Let t be a(-24). Let h be (-140)/(-1470) + 676/t. Give r(h).
-8
Let b(x) = -2*x**3 - 41*x**2 + 19*x - 40. Suppose 0 = 2*v - 3*h + 60, 2*v + 3*h + 1 = -23. Calculate b(v).
2
Let y(n) = -3*n - 36. Let z = 23616 + -23619. Determine y(z).
-27
Let a(c) = -c**3 - 3*c**2 + c - 1. Let q(j) = 3*j**2 + 36*j + 3. Let z(f) = f + 1. Let o(d) = q(d) - 6*z(d). Let n be o(-10). What is a(n)?
-4
Let y(l) = -5 + 8*l + 5*l - 4 - l**2 + 0*l - 19*l + 4. Let u(b) = -b**2 + 2*b + 2. Let n be u(4). What is y(n)?
-5
Let c(g) = g**3 + 3*g**2 + g + 1. Let k be -2 + 5/(40/(-16